{"id":88,"date":"2016-12-06T17:28:08","date_gmt":"2016-12-06T16:28:08","guid":{"rendered":"https:\/\/www.alertsenior.se\/trollhattan\/?page_id=88"},"modified":"2016-12-15T18:50:33","modified_gmt":"2016-12-15T17:50:33","slug":"nojd-kund-garanti","status":"publish","type":"page","link":"https:\/\/www.alertsenior.se\/trollhattan\/nojd-kund-garanti\/","title":{"rendered":"N\u00f6jd kund-garanti"},"content":{"rendered":"<p>D\u00e4rf\u00f6r l\u00e4mnar Alert Senior alltid garanti p\u00e5 utf\u00f6rt arbete. Ibland kan saker g\u00e5 fel och det \u00e4r f\u00f6rst d\u00e5 som en leverant\u00f6r visar vad kundn\u00f6jdhet inneb\u00e4r. Ber\u00e4tta f\u00f6r oss om du inte \u00e4r n\u00f6jd med v\u00e5rt arbete s\u00e5 ser vi till att r\u00e4tta till v\u00e5rt misstag.<\/p>\n<p>Vid reklamation skall denna\u00a0g\u00f6ras s\u00e5 fort som m\u00f6jligt efter avslutat arbete. Vi ser d\u00e5 till att \u00e5terst\u00e4lla det reklamerade arbetet.<\/p>\n<p><em>Alert Seniors m\u00e5ls\u00e4ttning \u00e4r att alltid ha\u00a0100 procent n\u00f6jda kunder.<\/em><\/p>\n","protected":false},"excerpt":{"rendered":"<p>D\u00e4rf\u00f6r l\u00e4mnar Alert Senior alltid garanti p\u00e5 utf\u00f6rt arbete. Ibland kan saker g\u00e5 fel och det \u00e4r f\u00f6rst d\u00e5 som en leverant\u00f6r visar vad kundn\u00f6jdhet inneb\u00e4r. Ber\u00e4tta f\u00f6r oss om du inte \u00e4r n\u00f6jd med v\u00e5rt arbete s\u00e5 ser vi till att r\u00e4tta till v\u00e5rt misstag. Vid reklamation skall denna\u00a0g\u00f6ras s\u00e5 fort som m\u00f6jligt efter<\/p>\n","protected":false},"author":1,"featured_media":0,"parent":0,"menu_order":0,"comment_status":"closed","ping_status":"closed","template":"template-default-gray.php","meta":{"_acf_changed":false,"_crosspost_to_6":false,"_crosspost_to_7":false,"_crosspost_to_8":false,"_crosspost_to_9":false,"_crosspost_to_10":false,"_crosspost_to_11":false,"_crosspost_to_12":false,"_crosspost_to_13":false,"_crosspost_to_14":false,"_crosspost_to_15":false,"_crosspost_to_20":false,"_crosspost_to_21":false,"_crosspost_to_27":false,"_crosspost_to_28":false,"_crosspost_to_29":false,"_crosspost_to_33":false,"_crosspost_to_34":false,"_crosspost_to_35":false,"_crosspost_to_37":false,"_crosspost_to_38":false,"_crosspost_to_39":false,"_crosspost_to_41":false,"_crosspost_to_47":false,"_crosspost_to_48":false,"_crosspost_to_50":false,"_crosspost_to_51":false,"_crosspost_to_52":false,"_crosspost_to_54":false,"_crosspost_to_56":false,"_crosspost_to_57":false,"_crosspost_to_61":false,"_crosspost_to_65":false,"_crosspost_to_66":false,"_crosspost_to_67":false,"_crosspost_to_68":false,"_crosspost_to_70":false,"_crosspost_to_71":false,"_crosspost_to_72":false,"_crosspost_to_73":false,"_crosspost_to_74":false,"_crosspost_to_75":false,"_crosspost_to_76":false,"_crosspost_to_81":false,"_crosspost_to_82":false,"_crosspost_to_83":false,"_crosspost_to_84":false,"_crosspost_to_88":false,"_crosspost_to_89":false,"_crosspost_to_90":false,"_crosspost_to_92":false,"_crosspost_to_94":false,"_crosspost_to_98":false,"_crosspost_to_99":false,"_crosspost_to_100":false,"_crosspost_to_101":false,"_crosspost_to_102":false,"_crosspost_to_103":false,"_crosspost_to_104":false,"_crosspost_to_105":false,"_crosspost_to_106":false,"_crosspost_to_107":false,"_crosspost_to_110":false,"_crosspost_to_111":false,"_crosspost_to_112":false,"_crosspost_to_113":false,"_crosspost_to_114":false,"_crosspost_to_115":false,"_crosspost_to_116":false,"_crosspost_to_117":false,"_crosspost_to_118":false,"_crosspost_to_119":false,"_crosspost_to_121":false,"_crosspost_to_122":false,"_crosspost_to_123":false,"_crosspost_to_125":false,"_crosspost_to_126":false,"_crosspost_to_128":false,"_crosspost_to_129":false,"_crosspost_to_130":false,"_crosspost_to_131":false,"_crosspost_to_132":false,"_crosspost_to_135":false,"_crosspost_to_136":false,"_crosspost_to_137":false,"_crosspost_to_138":false,"_crosspost_to_139":false,"_crosspost_to_140":false,"_crosspost_to_141":false,"_crosspost_to_142":false,"_crosspost_to_143":false,"_crosspost_to_145":false,"_crosspost_to_146":false,"_crosspost_to_147":false,"_crosspost_to_148":false,"_crosspost_to_149":false,"_crosspost_to_150":false,"_crosspost_to_151":false,"_crosspost_to_153":false,"_crosspost_to_154":false,"_crosspost_to_155":false,"footnotes":""},"yst_prominent_words":[],"class_list":["post-88","page","type-page","status-publish","hentry"],"acf":[],"_links":{"self":[{"href":"https:\/\/www.alertsenior.se\/trollhattan\/wp-json\/wp\/v2\/pages\/88","targetHints":{"allow":["GET"]}}],"collection":[{"href":"https:\/\/www.alertsenior.se\/trollhattan\/wp-json\/wp\/v2\/pages"}],"about":[{"href":"https:\/\/www.alertsenior.se\/trollhattan\/wp-json\/wp\/v2\/types\/page"}],"author":[{"embeddable":true,"href":"https:\/\/www.alertsenior.se\/trollhattan\/wp-json\/wp\/v2\/users\/1"}],"replies":[{"embeddable":true,"href":"https:\/\/www.alertsenior.se\/trollhattan\/wp-json\/wp\/v2\/comments?post=88"}],"version-history":[{"count":4,"href":"https:\/\/www.alertsenior.se\/trollhattan\/wp-json\/wp\/v2\/pages\/88\/revisions"}],"predecessor-version":[{"id":95,"href":"https:\/\/www.alertsenior.se\/trollhattan\/wp-json\/wp\/v2\/pages\/88\/revisions\/95"}],"wp:attachment":[{"href":"https:\/\/www.alertsenior.se\/trollhattan\/wp-json\/wp\/v2\/media?parent=88"}],"wp:term":[{"taxonomy":"yst_prominent_words","embeddable":true,"href":"https:\/\/www.alertsenior.se\/trollhattan\/wp-json\/wp\/v2\/yst_prominent_words?post=88"}],"curies":[{"name":"wp","href":"https:\/\/api.w.org\/{rel}","templated":true}]}}